Determine q(i).
-4
Let i be -4 + (-1 - -6) + 6. Let h(u) = -1 + 6*u**2 + 10 - u**3 + 5*u + 0. Calculate h(i).
-5
Let p(s) be the second derivative of 1/2*s**2 + 4*s + 1/6*s**4 + 0*s**3 + 0. Suppose -2*l = u + 3, u + l = 5*l + 9. Determine p(u).
3
Let o(n) be the second derivative of 5*n**3 + n**2/2 + 11*n + 1. Give o(-1).
-29
Let t = -36 + 45. Let h(k) = -18*k + 10*k + t*k - 1. Determine h(4).
3
Let x(p) = -2*p - 15. Let n(s) = s + 7. Let b(r) = 9*n(r) + 4*x(r). Let i(q) = -q**2 - 11*q + 6. Let y be (-4)/20 - 118/10. Let j be i(y). Calculate b(j).
-3
Let n(j) = 9*j + 0*j - 11*j**2 - 5*j - j**2 - 6*j. Give n(1).
-14
Let u(d) = -d**2 - 7*d. Suppose j + 4*j = g - 19, -4*j - 44 = 4*g. Determine u(g).
6
Let p(i) = i**3 - 7*i**2 + 5*i + 8. Let g be p(6). Let k(z) = -4 - 5*z**g + z**2 + 3*z - z**3 + 2*z. Let d(n) = -27*n - 5. Let u be d(0). Give k(u).
-4
Suppose -2 = -s - 9. Let r be ((-2)/4)/(s/42). Let f(h) = -h**r + 3 - 8*h**2 + 2 + 5*h + 0*h**2 + 4*h**2. Calculate f(-5).
5
Let y be ((-492)/(-574))/((-1)/7). Let d(n) = n**2 + 5*n - 8. What is d(y)?
-2
Let q(f) = 14*f**3 - 11*f**2 + 15*f + 33. Let u(m) = 5*m**3 - 4*m**2 + 5*m + 12. Let n(s) = -6*q(s) + 17*u(s). Give n(3).
0
Let x(i) be the first derivative of -7*i**2/2 - 3*i - 419. Determine x(-1).
4
Let m(p) = 2*p - 3. Let u(i) be the second derivative of -i**5/20 + i**4 + i**3/6 - 3*i**2 + 249*i. Let k = 3 + 9. Let l be u(k). Give m(l).
9
Let y(c) = 5*c**3 + 2*c**2 - 2*c - 3. Let f(j) = 9*j**3 + 3*j**2 - 4*j - 5. Let o(l) = -4*f(l) + 7*y(l). What is o(3)?
-4
Suppose 134*m = 141*m. Let j(n) = m - 1 - 304*n + 287*n. Let r = 2 + -1. Give j(r).
-18
Let g(b) = b**2 + b + 1. Let k be 1/(-3) + (-6)/(-18). Suppose 5*w - 3*q = k, 3*q + q = -w. Calculate g(w).
1
Let i(q) = q**2 - 7*q - 2. Let r be (-3 + 0 - -15)*1. Suppose w + 2*h = -2*h - r, -3*h - 48 = 4*w. Let j = -7 - w. Determine i(j).
-12
Let s = -110 - -112. Suppose s*m + 6 = 2*n, -n - 3*m = -2*n - 3. Let r(t) = -14*t - 35. Let h(x) = -5*x - 12. Let d(q) = 17*h(q) - 6*r(q). What is d(n)?
0
Let b = 19 - 23. Let r be (-54)/(-36) + 30/b. Let g(w) = -w**3 - 6*w**2 - w + 2. Calculate g(r).
8
Let m(j) be the second derivative of -j**3/6 + 3*j**2 - 4*j + 2. Calculate m(-5).
11
Suppose s + 4*r + 5 = -r, -r = 4*s - 18. Suppose 7*w + 18 = -3*t + 2*w, s*w = -15. Let k(a) = 12*a**3 - a**2 + a**2 + 0*a - 2*a - a**2 - 1. Calculate k(t).
-12
Let p(x) = -x**3 - 16*x**2 - 30*x - 6. Let n be p(-14). Suppose -19 = -b - 5*k, -b - b + 2*k = n. Let h(d) = d**3 + 6*d**2 - d - 8. Calculate h(b).
-2
Let f(b) = -b**2 - 12*b - 16. Suppose 21 = 438*p - 441*p. Determine f(p).
19
Suppose 55 = 5*i + 65. Let v(d) = 13*d + 22. Determine v(i).
-4
Let d(m) be the first derivative of -m**4/4 + m**3/3 + m**2 - 607. Let f = -2 - -4. Calculate d(f).
0
Let m(j) = -3*j**2 + 2*j - 2. Let v(i) = -i**2 - 1. Let u(z) = -m(z) + 2*v(z). Suppose 0*c = c - 5. Let b(d) = d - 3. Let t be b(c). What is u(t)?
0
Let g = -3 + 10. Suppose -g*i - 2*i + 81 = 0. Let q(r) = -r**3 + 10*r**2 - 8*r - 8. Give q(i).
1
Let m be ((-3)/(-9)*(-1 - -1))/(-2). Suppose -3*s = 4*d + 16, 8 = -2*s - m*s. Let o(z) = 7*z**3 + z**2 + z + 1. Give o(d).
-6
Suppose -5*u + 25 = 0, 28*g - 4*u + 65 = 33*g. Let z(q) = 2*q + 1. Give z(g).
19
Let v(d) = d**2 + 4*d + 3. Let z be v(-5). Let m be (1 - 0)*(-8)/z. Let a be m/(-1) - -2 - 7. Let h(b) = b**2 + b - 3. Determine h(a).
9
Let i(w) = -w**2 + 3*w + 3. Let c(v) = -v**2 + 25*v + 11. Let l be c(25). Let q(o) = -o**3 + 12*o**2 - 9*o - 15. Let k be q(l). Give i(k).
-25
Let n = 184 - 178. Let i(t) = 4 - t - 1 - 3 + 2. Determine i(n).
-4
Let j(k) = -8*k**3 + 12*k**2 + 4*k - 6. Let b(i) = -7*i**3 + 11*i**2 + 3*i - 5. Let y(o) = -7*b(o) + 6*j(o). Let w be (-2)/8 + 102/120*5. Determine y(w).
-5
Let i(d) = -d**3 - 5*d**2 + 23*d + 23. Let y(k) = 2*k**3 + 10*k**2 - 43*k - 43. Let f(j) = -11*i(j) - 6*y(j). Give f(-5).
-20
Let u(f) be the second derivative of -3*f**5/20 - f**3/6 - f**2 + 37*f. Calculate u(2).
-28
Let q(i) = -i - 8. Let u be q(-7). Let v(n) = 1 + 40*n - 86*n + 47*n + 6*n**2. What is v(u)?
6
Suppose -6*f + 4*f + 6 = 0. Let g(c) = 174 - 8*c**2 - 180 - 3*c**3 + 4*c**f + c. Determine g(8).
2
Let h(m) = 2*m**2 - 12*m + 9. Let d be h(5). Let i(k) = -11*k**2 - k - 1. Give i(d).
-11
Suppose -4*c = 13 - 1. Let r(v) = 1 + 5 - 12 - 3*v - 1 + 3. Calculate r(c).
5
Let r = -179 + 595. Let j(v) = 424*v**2 - r*v**2 + 4 - v**3 - 2. Give j(8).
2
Let g(n) be the third derivative of 2/3*n**3 - 1/60*n**5 + 0 + 1/6*n**4 + 0*n - 11*n**2. Give g(4).
4
Let j = -99 + 101. Let z(l) = 3*l + 10*l + 3 - 4 - 15*l + 7*l**j. Calculate z(-1).
8
Suppose 5*g - 83 = -p, 0*g + 2*g - 28 = -3*p. Suppose -z - z + 3*a = -g, -5*z = 2*a - 14. Let r(c) = -3*c + 7. Let w be r(z). Let v(u) = -u + 2. Calculate v(w).
7
Let p = 11153 - 11148. Let r(j) be the first derivative of -j**4/24 + 5*j**3/3 - j**2 - 1. Let y(f) be the second derivative of r(f). What is y(p)?
5
Let j(d) = -d + 3. Suppose 5*i + 9*k - 10*k = -28, 0 = 4*i + 5*k + 34. What is j(i)?
9
Let x(o) = -o**3 - 2*o**2 + o - 10. Suppose -9*r - 2*i = -10*r - 7, 3*i - 9 = r. Determine x(r).
-4
Let r = 66 - 59. Let q = -2 - -5. Let v(z) = 10 - z**2 + 5*z - q - 4. Calculate v(r).
-11
Let i(j) = -j**3 - 5*j**2 - j + 3. Let f = -129 - -127. What is i(f)?
-7
Let p(d) = 17*d - 6. Let m(o) = -38*o + 13. Let i(g) = 6*m(g) + 13*p(g). Let s be -1*1/((-2)/4). Let l be (5 - s) + 1 + -3. What is i(l)?
-7
Let j be ((-11)/((-627)/38))/((-4)/(-42)). Let t(k) = k**2 - 8*k + 3. What is t(j)?
-4
Suppose p = o - 1, -3*p = 4*o - 0 - 11. Let u(r) = -4 + 0*r**2 + 2*r**o - 3*r - r**2 + 4*r. Let b be ((-18)/(-81) + 2/(-9))/(-4). Give u(b).
-4
Let b(w) = -2*w**3 + 0*w + 19830 + w - 19828. What is b(2)?
-12
Let r(o) be the third derivative of -o**4/24 + 5*o**3/2 - 7*o**2. Let p be r(10). Let g = -4 + p. Let i(u) = -3*u**3 + 1. What is i(g)?
-2
Let g = 1362 + -1364. Let q(i) = -i**3 + 2*i**2 - 1. Calculate q(g).
15
Suppose 0 = -2*k + 4*x + 20, k + x + 2*x = 0. Let t(w) = -3 - 6*w + k*w - 3*w - w. What is t(-3)?
9
Let h(r) = -3*r**2 + 62*r - 8*r**2 - 67*r + 2 - 4*r**3 + 3*r**3 + 5*r**2. Give h(-5).
2
Let c(u) = -u - 7. Suppose 6*j = -12*j - 90. Give c(j).
-2
Let k(f) = -240594 + 240594 - 26*f. What is k(-1)?
26
Let k(z) be the first derivative of 11*z**2/2 - 9*z + 468. Calculate k(3).
24
Let v = -563 - -563. Let n(u) be the second derivative of 5*u - 2/3*u**3 + 0 - 1/12*u**4 + v*u**2. Determine n(-2).
4
Suppose 2*q = 4, 5*l + 3*q - 2*q = 52. Let x = l - 2. Let a = -8 + x. Let u(k) = -k**2 + k - 7. What is u(a)?
-7
Let d(z) = -2*z + 5 - 5 + 3 + 13 + 7. Calculate d(9).
5
Suppose 4*q - 16 = -0*q. Let t(f) = f + f - 3*f - q. Let z = -133 + 130. Give t(z).
-1
Let t = 1 + 2. Let k(r) = 6*r**2 - 10*r**2 + t*r**2 + 1. Calculate k(2).
-3
Let p(y) = -10*y. Let c(h) be the second derivative of -3*h**3/2 - h**2/2 + 4*h. Let q(v) = -7*c(v) + 6*p(v). Determine q(-6).
-11
Suppose 3*f = -30 + 42. Let b(s) = -4*s + 9. Determine b(f).
-7
Let j(o) = -2 - 3*o**2 - 3*o + 7*o**2 + o**3 + 1. Let l(z) = z**2. Let q(y) = j(y) - 6*l(y). Let r be 1*3/(-1 - -2). Calculate q(r).
-1
Let w(l) = -3*l - 12. Let c be w(-5). Let s(y) = -4*y**c + 43*y - 20*y - 24*y - y**2. Determine s(-1).
4
Let t(d) = -5*d**2 + 2*d + 22. Let n(q) = -2*q**2 + q + 10. Let s(g) = -7*n(g) + 3*t(g). Give s(5).
-34
Let x be (2/5)/(10/200). Let q(s) be the third derivative of s**4/24 - 2*s**3 - 8*s**2. Let d be q(x). Let f(o) = -2*o. Determine f(d).
8
Let j(h) = 3*h - 2. Let q = 77 - 162. Let b = q + 89. What is j(b)?
10
Let s(r) = r**2 - 11*r + 18. Suppose 4*c = -w + 43 - 4, -c - 2*w + 8 = 0. What is s(c)?
8
Suppose 3*v + 2 = 3*h - 4, 0 = 5*h + 2*v + 11. Let g be 3/(h/2*2). Let z(c) = -c**2 + 1. What is z(g)?
-8
Let v(t) = -t - 4. Let d(y) = -21*y - 26*y - 15 + 43*y. Let a(f) = 2*d(f) - 9*v(f). Determine a(0).
6
Let s(i) = 8*i + 17. Let p(c) = 43*c + 86. Let k(x) = -2*p(x) + 11*s(x). Calculate k(12).
39
Let k(p) be the third derivative of -p**5/60 - p**4/6 - p**3/6 - 7*p**2. Let a = -2 - 2. Let l be (2/a)/(2/8). Calculate k(l).
3
Let h(y) = 2*y**2 + 7*y + 3. Suppose 6*i = 2*i - z + 25, 2*i + 4*z = 30. Suppose 2*s + 5*c - 20 = 3*s, -c = i*s + 22. Give h(s).
18
Let n = 49 + -47. Suppose j - 6*j = -n*j. Let v(a) = -a + 3. Give v(j).
3
Let m(j) = j**2 - 6*j